ose -5*i + 55 = -2*p - 169, -w*i + 130 = p. Calculate the greatest common factor of 11 and i.
11
Let g(z) = -z**3 + 4*z**2 - 3*z + 1. Let n be g(2). Let s = 11 - n. Calculate the highest common factor of 72 and s.
8
Suppose -13*g + 811 = -229. Calculate the greatest common divisor of g and 48.
16
Let v be (6/(-10))/((-2)/150). What is the highest common factor of 5 and v?
5
Suppose 17 = v + 2*a, 55 = 5*v + 2*a + 2*a. Calculate the greatest common divisor of v and 14.
7
Let w be 4/10 + (-32)/(-20). Suppose o = -w*o + 12. Let g = -2 + o. Calculate the greatest common factor of g and 16.
2
Let r be -6*3/(-18)*-10. Let z be r/(-4)*(-8)/(-5). Suppose -h + d = -0*d - 10, 5*d + 44 = z*h. What is the greatest common divisor of h and 6?
6
Let l(x) = 2*x**2 - 23*x - 31. Let r be l(14). Calculate the greatest common divisor of r and 13.
13
Suppose 13*u + 286 = 15*u. Let c(a) = 14*a**2 - a. Let g be c(1). Calculate the highest common divisor of u and g.
13
Suppose -2*w + 3*s - 11 = 0, -2*w + 5*s = 29 - 8. Suppose w*t - 330 = -0*t. What is the greatest common divisor of 15 and t?
15
Let h(g) = -g**3 - 7*g**2 - 9*g - 7. Let m be h(-7). Let l(d) = d**3 + d + 7. Let a be l(0). What is the greatest common divisor of a and m?
7
Let s(i) = i**3 - 3*i**2 - 5*i + 3. Let f be s(5). Let o = -15 + f. Suppose 3*n - o = 41. Calculate the highest common factor of n and 2.
2
Suppose 2*d - 2 = 4. Let j be (d + -1)*28/8. Let s = 13 - j. Calculate the highest common factor of 12 and s.
6
Let n = 31 + -16. What is the highest common factor of 10 and n?
5
Suppose -3*d = -11 - 4. Suppose d*q = 3 + 17. Calculate the greatest common factor of q and 1.
1
Suppose 13 = 4*b + 5. Suppose 7*h = 84 - 28. Suppose h*m - 3 = 7*m. Calculate the highest common factor of m and b.
1
Let i(g) be the third derivative of -g**5/60 - g**4/4 + g**3 + g**2. Let n be i(-6). Let r be (-66)/(-27)*6*n. What is the greatest common factor of 11 and r?
11
Let p(q) = -q**3 + 2*q**2 - 9*q - 4. Let u be p(-7). Suppose -3*o + u = 5*f - 10*f, 5*o - f - 870 = 0. Calculate the greatest common factor of o and 25.
25
Let c = 207 + -102. Calculate the greatest common divisor of 42 and c.
21
Let z be (3 - 1)/(-1 + -1). Let g be 11 - 2*z/2. Calculate the greatest common factor of g and 36.
12
Let r(z) = z**2 + 31*z + 39. Let o be r(-30). Calculate the highest common factor of 99 and o.
9
Let z = 1 - -1. Let b be 4 + (0 - z) + 0. Suppose 2 = -c - b, -2*p = -c - 32. Calculate the greatest common divisor of p and 28.
14
Let g = 4 - 0. Suppose -m + g*m - 60 = 0. Suppose h - t - 35 - m = 0, -10 = 2*t. What is the greatest common factor of 10 and h?
10
Let q(y) = y**3 + 2*y**2 - 6*y + 11. Let t be q(-4). What is the highest common divisor of 4 and t?
1
Let r = 35 - 19. Let u be (192/40)/(6/40). Calculate the highest common divisor of u and r.
16
Let m be ((-5)/4)/(4/16). Suppose -h = 4*h - 10, 4*y - 4*h - 112 = 0. Let i = m + y. Calculate the greatest common divisor of i and 10.
5
Let v = 90 + -39. Suppose -15 + v = 4*o. What is the greatest common factor of 3 and o?
3
Let d(v) = 2*v**3 - 4*v**2 - 15*v + 54. Let g be d(5). What is the greatest common divisor of 43 and g?
43
Let n be (-2)/(-4) - (-3)/6. Let p be ((-98)/(-8))/(n/4). Calculate the highest common factor of p and 7.
7
Let c = -21 - -32. What is the greatest common factor of 11 and c?
11
Suppose -4*p + 0*b = -b - 56, 0 = -p + 2*b + 7. Suppose -p*k + 10*k + 360 = 0. What is the highest common factor of k and 24?
24
Let l(z) = -2*z - 8. Let u be l(-8). Calculate the greatest common factor of 32 and u.
8
Let c(a) = -2*a**2 + a + 2. Let f be c(3). Let b be f - 2*(2 + -1). Let d be (b + 1)*(0 - 1). What is the highest common divisor of d and 7?
7
Let p = -4 - -37. What is the highest common factor of p and 3?
3
Let i(q) = -6 - 1 + 5 - 5*q. Let c be i(2). Let h be (-1 - 2)/(3/c). Calculate the greatest common factor of h and 48.
12
Suppose -5*q - 5*n = -38 - 2, 2*n + 10 = 0. Let x = q - 9. What is the highest common divisor of x and 6?
2
Suppose 8 = -3*i + 11. Suppose 5*r - 20 = -5*k, -k - 3 = -r - i. Calculate the highest common divisor of 24 and r.
3
Let b = 6 + -2. Let u be b*3/8*26. Calculate the greatest common divisor of u and 26.
13
Let v(f) = -f**2 - 7*f - 7. Let b be v(-5). Suppose 0 = -2*t - b*t + 880. Calculate the greatest common divisor of 16 and t.
16
Suppose 0 = -4*o - 147 + 399. Let z = -130 - -137. Calculate the greatest common divisor of z and o.
7
Let a = 6 - 6. Suppose a*f = f - 66. Suppose 4*r - 252 = -76. What is the greatest common divisor of f and r?
22
Suppose 9 = 2*j + 1. Suppose 6*t - t - j*w - 13 = 0, -2*w = 3*t - 21. Suppose 2*o = -2*y + 50, -4*o + 5*o = t. What is the greatest common factor of 10 and y?
10
Let a = -27 + 220. Suppose -2*h - 2*h = -1344. Let x = h - a. Calculate the highest common divisor of x and 13.
13
Let l be 6 - -2*(-2 - -1). Let h = 10 + l. Calculate the greatest common factor of 126 and h.
14
Let y = 7 + -15. Let t = y - -11. Let n(f) = 3*f + 3. Let p be n(t). What is the highest common factor of 30 and p?
6
Suppose 0 = -4*m + s + 123, 20 = 2*s + 2*s. Suppose p - m = 2*p. Let w = p + 48. What is the greatest common divisor of 16 and w?
16
Let x(f) = 27 - 5*f**3 + 13*f**2 - 14 - 13*f + 4*f**3. Let r be x(12). Suppose -t - r = -11. What is the greatest common factor of t and 30?
10
Let a = -33 + 58. Let l = a + -12. What is the highest common factor of l and 13?
13
Let k be 1*(3 - (-3 - -2)). Let i(g) be the first derivative of g**4/4 - g**3 + g**2/2 - 5*g + 1. Let w be i(k). What is the greatest common factor of w and 75?
15
Let w(y) = y**3 - 8*y**2 + 9*y + 8. Let i(m) = 3*m + 1. Let z be i(2). Let a be w(z). Suppose 2*n = -3*n + 10. Calculate the highest common factor of n and a.
2
Let x(y) = 3*y**2 - 4*y + 6. Let a be x(7). What is the highest common factor of 25 and a?
25
Let t = -12 - -24. Suppose 5*l + 107 - 767 = 0. What is the highest common factor of l and t?
12
Let n be 892/68 - (-2)/(-17). Calculate the highest common divisor of 325 and n.
13
Suppose 2*s - 22 = a, 4 = s - 4*a - 0*a. Let n = s + -10. What is the greatest common divisor of n and 5?
1
Let n = -344 + 497. Calculate the greatest common divisor of 17 and n.
17
Let g = 154 - 136. What is the highest common factor of 162 and g?
18
Suppose 90 = 4*t + 10. Suppose -4*i + 551 = -229. Suppose 5 + i = 4*u. What is the highest common divisor of t and u?
10
Let k = -4 - -7. Let m(w) = w**3 + 23*w**2 + w + 44. Let x be m(-23). Calculate the highest common factor of x and k.
3
Suppose 6*u - 8*u + 708 = 0. Let c = -4 + -229. Let w = c + u. Calculate the greatest common factor of w and 11.
11
Let k = 46 + -39. What is the highest common divisor of k and 14?
7
Let q = 50 + -46. What is the greatest common divisor of 12 and q?
4
Let f(s) = s - 2. Suppose 10 = 3*c - 11. Let r be f(c). What is the highest common factor of r and 45?
5
Suppose z = 2*z - 1. Suppose z = 2*m - 3*m. Let l be 1 + 1 - 2/m. What is the highest common divisor of 28 and l?
4
Suppose 2*i = 5*n - 106, 3*i - 37 = -2*n + 2*i. Let s(f) = -f**2 + 14*f - 5. Let g be s(9). What is the highest common divisor of g and n?
20
Let a(k) = k + 3. Let o be a(6). Let f(p) = 4*p**3 - 3*p**2 - p + 2. Let u be f(3). Suppose -100 = -5*w + u. Calculate the greatest common factor of o and w.
9
Suppose 36 = -2*g + 4*g - 4*s, 0 = -5*g + s + 81. Calculate the greatest common divisor of 48 and g.
16
Suppose 4*z + 2*c = -3 - 13, 4*c + 2 = 2*z. Let n = 7 + z. Suppose -5*h = -2*h - 60. What is the greatest common divisor of h and n?
4
Let p be 236/8 + 1/2. Let s be (8/10)/(4/p). Let h be 3*s - (2 - 4). What is the highest common factor of h and 4?
4
Suppose -4*c = 2*v - 18, -3*c + 2*v + 14 = 4*v. Suppose c*g - 3 = g. Calculate the highest common factor of g and 1.
1
Let j be (-15)/(-20) + (-541)/(-4). Let o be (2/3)/((-10)/(-195)). Suppose 10*n + 51 = o*n. Calculate the greatest common factor of n and j.
17
Let b = 1 + 0. Let p be (-4 - -4)/(b - 0). Suppose -u - 6*s + s - 13 = p, -2*s = -5*u + 16. Calculate the highest common factor of 16 and u.
2
Let r be (-3)/(18/(-4))*24. Suppose 18 + r = 2*f. Calculate the highest common divisor of 68 and f.
17
Suppose 55 = 5*d - 2*q, q - 5*q = 4*d - 44. Calculate the highest comm